200201
In base 14, what is 73d7 + 4?
73db
In base 14, what is 74d + 2?
751
In base 9, what is -6467 + 562?
-5805
In base 3, what is 2211200 + -2001?
2202122
In base 4, what is -1 + 2133003?
2133002
In base 5, what is 111 - -10402?
11013
In base 8, what is 253456 + -12?
253444
In base 10, what is -2 - -159561?
159559
In base 5, what is 1031404434 + 2?
1031404441
In base 6, what is 205041 - 2?
205035
In base 13, what is -3770a - 1a?
-37727
In base 14, what is 7 - -a364?
a36b
In base 5, what is -14212124 + 4?
-14212120
In base 7, what is 104 + 210003?
210110
In base 10, what is 0 + -961775?
-961775
In base 11, what is 53 - -205a?
2102
In base 9, what is 4 + -141535?
-141531
In base 9, what is 5717 + -17?
5700
In base 9, what is -187102 - 1?
-187103
In base 6, what is -1 + 2130?
2125
In base 13, what is 284 - -1135?
13b9
In base 3, what is -1101222100022 + -10?
-1101222100102
In base 10, what is -45 - 157?
-202
In base 11, what is 33108 + 11?
33119
In base 13, what is 90 + -a2?
-12
In base 9, what is 5316 - 53?
5253
In base 4, what is 102 - -113221?
113323
In base 6, what is 0 - -223525?
223525
In base 9, what is 358 - 10?
348
In base 12, what is -3 + 20942?
2093b
In base 6, what is 123 + -100124?
-100001
In base 6, what is 1104141 - 3?
1104134
In base 16, what is 2c - af7?
-acb
In base 15, what is 0 + 12d0?
12d0
In base 16, what is 4 + -6e07b?
-6e077
In base 3, what is -2121002201 - 11?
-2121002212
In base 13, what is 24 - 11a8?
-1184
In base 16, what is -1 - -31d1?
31d0
In base 3, what is -11221 - 10221?
-22212
In base 6, what is -101 + -251335?
-251440
In base 5, what is -220411103 - 0?
-220411103
In base 4, what is 1102133 - -2233?
1111032
In base 8, what is 1003 - -4646?
5651
In base 7, what is 4 - 1155?
-1151
In base 10, what is 4 + 76537?
76541
In base 16, what is 51 + 2eb?
33c
In base 14, what is -81 + -d3b?
-dbc
In base 13, what is -6868 - -8?
-6860
In base 10, what is -34 - 454?
-488
In base 14, what is 9 - -834?
83d
In base 9, what is -2311 + -75?
-2386
In base 15, what is a4e6 - 4?
a4e2
In base 8, what is 300447 - 2?
300445
In base 5, what is -443044 - 4?
-443103
In base 11, what is -2464 + -639?
-2aa2
In base 2, what is -1100011101111000000 - 10?
-1100011101111000010
In base 15, what is -3dd + -69?
-457
In base 2, what is -1001011101101100101101 - 11?
-1001011101101100110000
In base 15, what is -3 - -16276?
16273
In base 6, what is 431 - 42524?
-42053
In base 6, what is 1110 - 25?
1041
In base 8, what is 221 - 26240?
-26017
In base 6, what is -43 + 123310?
123223
In base 4, what is 212 - -20202?
21020
In base 8, what is 7533 + -22?
7511
In base 6, what is 4014 + 233?
4251
In base 6, what is 3 + 5030513?
5030520
In base 10, what is -1109 - -1484?
375
In base 8, what is -55 - 1643?
-1720
In base 2, what is -10011101001010 - 1?
-10011101001011
In base 15, what is -8 + -18?
-21
In base 7, what is -45130 + -4?
-45134
In base 5, what is -124303 + 4?
-124244
In base 8, what is 44303 - -5?
44310
In base 4, what is -2 - -12002123?
12002121
In base 9, what is 3 + 12713?
12716
In base 16, what is -9 - 475?
-47e
In base 8, what is -1144421 - 4?
-1144425
In base 16, what is 9 + -364?
-35b
In base 5, what is 4012003 - -4?
4012012
In base 8, what is 674004 + -11?
673773
In base 10, what is -304673 - 3?
-304676
In base 4, what is 221 + -1032201?
-1031320
In base 6, what is -1 + -130341?
-130342
In base 11, what is -558798 + -1?
-558799
In base 9, what is 54227 - -3?
54231
In base 5, what is -31423442 - 2?
-31423444
In base 15, what is 4 - 133bdd?
-133bd9
In base 9, what is 3781 + -11?
3770
In base 16, what is 10c + 427b?
4387
In base 9, what is 227587 + 4?
227602
In base 4, what is -10 - -2232211?
2232201
In base 5, what is -3001 - 422?
-3423
In base 4, what is -32 + -12310122?
-12310220
In base 2, what is -110100 - 1001000111?
-1001111011
In base 11, what is -4 + -1741a?
-17423
In base 8, what is 2 - 346715?
-346713
In base 9, what is -50 + -2523?
-2573
In base 2, what is 1101101 - 11001111?
-1100010
In base 9, what is -102 + 63?
-28
In base 14, what is -2b + -52d?
-55a
In base 12, what is 637 + 567?
ba2
In base 14, what is 22 + -308?
-2c6
In base 6, what is 24123 + 12?
24135
In base 13, what is -70ca0 + -c?
-70cac
In base 14, what is -3 - -740?
73b
In base 5, what is 42 + -221133?
-221041
In base 15, what is -ce - 5aa?
-689
In base 6, what is 13002043 - 1?
13002042
In base 2, what is 1001000000 + -10101111010?
-1100111010
In base 15, what is -1 + -ea7?
-ea8
In base 2, what is 11100100110010 + 10?
11100100110100
In base 12, what is 141 + 2493?
2614
In base 12, what is 0 + 96639?
96639
In base 16, what is 5 - df5f?
-df5a
In base 7, what is -21531 + 4?
-21524
In base 10, what is 316 + 8366?
8682
In base 15, what is e + a6679?
a6688
In base 10, what is -2 + -593836?
-593838
In base 15, what is -91 + -2570?
-2611
In base 2, what is -10100 - -111000100001010?
111000011110110
In base 12, what is -108a9 - 7?
-108b4
In base 12, what is -4753 + 18?
-4737
In base 10, what is -2200 - 11?
-2211
In base 15, what is -94 + d?
-86
In base 11, what is -40020 + 4?
-40017
In base 2, what is -10000101100011010 + 10?
-10000101100011000
In base 5, what is 2242 + -334203?
-331411
In base 11, what is -27576 - 2a?
-275a5
In base 7, what is 24345 + 3?
24351
In base 4, what is 2 + -2321130?
-2321122
In base 8, what is -2304 - -324?
-1760
In base 16, what is -2ef7 + -33?
-2f2a
In base 16, what is 6 - 388e4?
-388de
In base 6, what is -1243 + -2301?
-3544
In base 13, what is 27b2 - 8?
27a7
In base 4, what is -1220210221 + -1?
-1220210222
In base 5, what is 1324421 + -1?
1324420
In base 15, what is -bd - 1c71?
-1d3e
In base 6, what is 14112 - 124?
13544
In base 4, what is -102201 + -12223?
-121030
In base 14, what is d549 + c?
d557
In base 4, what is 231030001 + 1?
231030002
In base 12, what is 1a08 + -66?
1962
In base 16, what is 7 + 1d5e?
1d65
In base 4, what is -13133 - 102303?
-122102
In base 8, what is -75 + -4267?
-4364
In base 6, what is 2 + -25325?
-25323
In base 12, what is 6 - 13b3?
-13a9
In base 2, what is 0 + 110101001?
110101001
In base 12, what is -3 - 3b47?
-3b4a
In base 11, what is -4 + -45906?
-4590a
In base 7, what is -110 + 2460?
2350
In base 6, what is -10 - -21120?
21110
In base 6, what is -342244 + -3?
-342251
In base 2, what is 10110110111000 + -100010?
10110110010110
In base 4, what is -2 + -1002011033?
-1002011101
In base 15, what is -ceaa8 + -5?
-ceaad
In base 3, what is 20211 + -111?
20100
In base 15, what is 1d177 - 0?
1d177
In base 5, what is 103031001 - 3?
103030443
In base 12, what is -1375 - 1?
-1376
In base 7, what is 20 - 2113311?
-2113261
In base 8, what is -2274 - -135?
-2137
In base 5, what is 1021 + 3420?
4441
In base 8, what is -54 - -2404?
2330
In base 5, what is -113441302 + 4?
-113441243
In base 11, what is -43 - 326?
-369
In base 2, what is 10101 + -100001000100001?
-100001000001100
In base 12, what is -30170 - 27?
-30197
In base 13, what is 75b5 + 1?
75b6
In base 8, what is 5 + -110?
-103
In base 9, what is 328 - 164?
154
In base 11, what is -170 - 230?
-3a0
In base 9, what is -33 + 5660?
5626
In base 12, what is 3 - 128691?
-12868a
In base 12, what is -94 - -a20?
948
In base 5, what is 43132234 + 4?
43132243
In base 2, what is -101 - 111010001111000?
-111010001111101
In base 13, what is -5 - -331122?
33111a
In base 13, what is 2b025b - 0?
2b025b
In base 8, what is -13 - -137?
124
In base 12, what is -253 - 1?
-254
In base 16, what is 485ee - 4?
485ea
In base 7, what is -4 + 2162305?
2162301
In base 11, what is -3035 - -20?
-3015
In base 2, what is -1010111 + -1101101001000010?
-1101101010011001
In base 11, what is 12 - 3396?
-3384
In base 13, what is 1638 + -7?
1631
In base 11, what is -1a294 - 4?
-1a298
In base 5, what is -22 + 3230?
3203
In base 7, what is -22030 + -312?
-22342
In base 3, what is 11010120200 - -2?
11010120202
In base 6, what is 2 + 2114244?
2114250
In base 16, what is -1406b - -4?
-14067
In base 11, what is 17825 + -a?
17816
In base 9, what is 0 - -127032?
127032
In base 10, what is -113523 - 3?
-113526
In base 9, what is 201748 - 1?
201747
In base 9, what is 170073 - -27?
170111
In base 12, what is 120638 - 8?
120630
In base 7, what is -65 + 31414?
31316
In base 10, what is -18636 + 3?
-18633
In base 5, what is